) be the third derivative of -v**5/60 - v**4/6 + 5*v**3/6 + v**2. Let s be z(-4). Suppose s*g - 453 - 150 = 2*k, -2*g - 2*k = -230. Is g a prime number?
False
Suppose -4*w - h = -47, 0 = -2*h - 2. Suppose 0 = -i - 5 + w. Is i prime?
True
Let u = 5 - 5. Is (-133)/(-1) + (0 - u) composite?
True
Suppose -1 = 2*k + 5. Let o(v) = -2*v + 1. Is o(k) a composite number?
False
Suppose -8*t - 1611 = -9155. Is t a prime number?
False
Suppose 4*h - 5*a - 1664 = 0, h + 3*a = 2*h - 423. Is h a prime number?
False
Let q be 2/(-3) + (-4280)/6. Let f be q/15 + (-2)/5. Is 1 - (f - -1*2) composite?
False
Suppose 3*a + 764 - 182 = 0. Let r = -33 - a. Is r a composite number?
True
Let d = 2 + -1. Let u be 1*((3 - 117) + d). Let g = u - -330. Is g a prime number?
False
Suppose p + 0*p - 691 = 0. Is p a prime number?
True
Let w = 67 + -36. Is w a composite number?
False
Let v(m) = -3*m**2 - 2 - 2 + 12*m**2 + m**3 + 8*m + 0. Is v(-7) a prime number?
False
Let h(g) = g**3 - 4*g + 16. Is h(13) composite?
False
Suppose 3 = 4*y + 3*o - 12, 2*y - 24 = 4*o. Let x be 1/(2/y - 0). Suppose 4*l + 19 - 64 = -x*r, 0 = 2*l + 6. Is r a prime number?
True
Let a(g) = 124*g + 10. Is a(7) composite?
True
Is (-102)/(-18)*5*3 composite?
True
Suppose -5*n = -4*d - 13, -3*n + 6 = -2*d - 3. Suppose d = -w + 26. Is w a prime number?
True
Suppose -4*y + j + 1681 = 0, 15 = -j - 2*j. Is y prime?
True
Suppose 0*k - 9 = -3*k. Let x be (60/2)/k + 0. Is ((-9)/15)/((-2)/x) a prime number?
True
Let y be -2 - -10*(2 + -1). Let t be (-45)/1*(y + -9). Suppose -172 = -m - t. Is m composite?
False
Let n(l) = -307*l + 9. Is n(-2) prime?
False
Let c be 3 + -2*3/6. Suppose -c*y = -0*y - 38. Suppose 2*l - 3*l = -y. Is l prime?
True
Suppose 2*d = -9*m + 4*m - 220, -176 = 4*m + 5*d. Let p = m + 6. Let t = p - -71. Is t composite?
True
Let b be ((-9)/(-3))/(9/6). Suppose -2*c = b*d - 174, -c - 3*d + 427 = 4*c. Is c a prime number?
True
Let d = 269 - 120. Is d a composite number?
False
Suppose -3*w + 248 = s + 2*w, -2*s - 2*w + 456 = 0. Is s composite?
False
Suppose -f + 3 = -3. Let y be 4/f + (-30)/(-9). Suppose 0 = y*a + 21 - 97. Is a composite?
False
Let o = -273 + 676. Is o composite?
True
Let d = 970 + -407. Is (d/3)/((-1)/(-3)) composite?
False
Suppose f - 6*f = -5. Is (1 + 181)/f + 3 a prime number?
False
Let u(l) = -21*l. Let x be u(-1). Suppose -m + x = -2*f - 28, 5*f + 115 = 5*m. Let r = -13 - f. Is r a prime number?
True
Let c = -4 - -9. Suppose 18 + 7 = -c*z. Let l(n) = 2*n**2 + 5*n - 6. Is l(z) composite?
False
Suppose 4*u - 592 = 216. Is u prime?
False
Let f(q) = 31*q**2 - 3*q + 1. Is f(4) prime?
False
Suppose 8*y = 5*y + 33. Suppose -y = x + 1. Is 104/3 + (-4)/x prime?
False
Suppose -7555 = -50*y + 49*y. Is y a prime number?
False
Suppose -2*l + 0*l + 49 = 5*k, 5*l - 106 = 4*k. Suppose 324 = 4*a - 0*a. Let w = a - l. Is w composite?
False
Let g = -1 + 9. Let v be 1/2 - (-12)/g. Suppose i - 195 = -5*s - i, 0 = v*i. Is s a prime number?
False
Suppose -2*b = 2*b - 96. Suppose 79 = -2*u + a - b, 1 = -a. Is (u/(-8))/(2/12) a composite number?
True
Let v be ((-24)/20)/((-2)/10). Suppose -v*u + 295 = -u + 4*l, 141 = 2*u - 3*l. Suppose u = 2*k + k. Is k prime?
False
Suppose -3*y + 4*y - 115 = 0. Suppose -3 = 2*p + 3, -2*p - 10 = -2*i. Is (y - 1)/(4 - i) a composite number?
True
Let o be (-4)/6 + 334/6. Suppose -d = -13 + 9. Suppose -21 = -d*r + o. Is r a composite number?
False
Let t(i) be the first derivative of i**4/4 + 10*i**3/3 + 9*i**2/2 - 5*i - 2. Is t(-7) composite?
False
Suppose d = b - 18, 0 = -2*d + 3*d + 5*b. Let j be (-1 + (-24)/d)*5. Suppose 4*x = -5*p - 8, -2*x + 2*p + j*p + 26 = 0. Is x composite?
False
Let w(o) = 1027*o + 4. Is w(1) prime?
True
Let g(m) = 2*m**3 - 2*m**2 + m + 211. Is g(0) a prime number?
True
Suppose t - 6 = 4*t + 5*m, -5*m = 0. Suppose 4*z + 13 + 3 = 0. Is (z + -123)*t/2 a composite number?
False
Let l = -468 + 1513. Suppose 2*n - 7*n + l = 0. Is n a composite number?
True
Let v(f) = f**2 - f**2 - 3 + f**2 - 6 + 7*f. Is v(-12) composite?
True
Let o(b) = 2*b**3 - 2*b**2 - 3*b + 3. Let w be o(2). Suppose w*p - 113 = 302. Is p composite?
False
Let r(b) = 4*b + 3. Suppose 9*o - 5*o - 16 = 0. Is r(o) a composite number?
False
Let r(i) = 7*i**3 + 2*i**2 - 4*i + 7. Is r(3) a prime number?
False
Let n be (1 - 2)*(-1 - 1). Suppose 4*d - d + 5*t = 0, -n*t - 21 = -3*d. Suppose 78 = 2*i - 4*h, d*i - h + 3*h = 171. Is i prime?
False
Suppose 2*h = 46 + 40. Is h a prime number?
True
Let o(b) = 45*b**2 + 9*b - 17. Is o(-9) prime?
True
Let y = -1 + 2. Let w(g) = 3*g - 1 + 1 - 9*g + y. Is w(-5) a composite number?
False
Let m be 21*(-2 - -1)/(-3). Suppose -50 = -3*w + m. Is w prime?
True
Let w = -5 - -12. Let m be (-10)/(-35) - (-33)/w. Suppose -2*d = n - 4*d - 27, 0 = -m*n + 2*d + 127. Is n a prime number?
False
Let b(m) = m**2. Let i be b(-1). Is (i + -1 + -1)*-67 composite?
False
Let d = -772 + 209. Let w = -360 - d. Is w a composite number?
True
Let j(p) = 6*p**2 + 3*p + 6. Is j(-3) a composite number?
True
Let w = 25 + 134. Is w a prime number?
False
Let z(k) = -25*k**3. Let b(d) = -d**2 + 5*d - 5. Suppose -2*c = 2*c - 16. Let h be b(c). Is z(h) prime?
False
Let y(s) = 2097*s**2 - 1. Let x be y(1). Suppose 10*f - 5*f - 2*n - x = 0, -5*n = 3*f - 1239. Is 3/(6 + -3) + f a composite number?
False
Let r(d) = 20*d**2 + 6*d - 13. Let y = -4 - 2. Is r(y) prime?
False
Let y(v) = v - 1. Let m(u) = -16*u - 6. Let j(l) = -m(l) + 3*y(l). Is j(4) composite?
False
Let f(q) = 13*q**3 - 2*q**2 - q - 2. Let x be f(3). Let u = x - 213. Is u composite?
True
Let i be ((-960)/(-36))/((-2)/(-21)). Suppose -2*y + 105 = -0*y + x, 0 = -5*y + x + i. Is y a composite number?
True
Let x(f) = f**2 + f + 1. Let m(g) = g**3 - 3*g**2 + g + 1. Let p be m(3). Is x(p) a composite number?
True
Let f(r) = 2*r + 3*r - 1 + 4 + r**2. Let u be f(-5). Is (-28)/(-4)*1*u a composite number?
True
Let g = -465 - -652. Is g a composite number?
True
Let q be (4 + -2)/((-1)/(-2)). Suppose -630 + 70 = -q*v - 4*g, -4*v + 4*g = -600. Is v a composite number?
True
Suppose 0 = 6*g - 3319 + 493. Is g a prime number?
False
Let k(t) = t**2 + 5*t + 4. Let b be k(-5). Suppose -8 = b*p - 5*a, 2*a - 20 = -4*p - 0*a. Suppose -p*m - 3 = 0, 2*w - 17 = -0*w + 3*m. Is w a prime number?
True
Let f(z) = z**2 - z - 3. Let n be f(-2). Suppose -2*i + 290 = n*i. Is i composite?
True
Let k(u) be the second derivative of 5*u**4/12 + 2*u**3/3 + 3*u**2/2 - u. Is k(-4) a composite number?
False
Let x = -3 - -20. Is x/(-2 - (-10)/4) a prime number?
False
Suppose -3*p = -4*k - 1121, 5*k = 3*p - 1201 + 84. Is p a prime number?
True
Let v(o) = -4*o + 1. Let j be v(3). Is (-229)/j - (-2)/11 prime?
False
Suppose -2*z = -s - 2*s + 2631, -3*s + 2631 = -3*z. Is s composite?
False
Let d(a) = -51*a + 2. Is d(-1) prime?
True
Let m = 6 + -4. Suppose 2*u = -m*u + 212. Is u a composite number?
False
Suppose 0 = -4*t - t + 2855. Is t composite?
False
Is 34690/20 + (-3)/2 composite?
False
Let q(a) = -85*a**3. Let c = 18 + -13. Suppose 5*y - 5 = -4*g - 18, -y = 2*g + c. Is q(y) a composite number?
True
Suppose 24 = -r + 5*r. Suppose h + 955 = r*h. Is h composite?
False
Let k be -5 - (-1)/(-1) - -1. Is 17 + k/(15/(-6)) composite?
False
Suppose 5*m - 3705 = -2*t, 7455 = 4*t - 0*m + m. Is t prime?
False
Suppose -5*d - 7 = -2. Is 6 + 74 + (d - -4) a composite number?
False
Let o(m) = 19*m**2 + 11*m + 25. Is o(-5) prime?
False
Let l be 2/((1 - -1)/1). Is 128 - (l - 0)/1 prime?
True
Suppose 3*l - 59 = 118. Let m = 28 + l. Suppose 0*u = -u + m. Is u prime?
False
Let c(n) = 2*n**2 - n - 2. Let w be -4*((-15)/(-4))/5. Let z = 0 + w. Is c(z) prime?
True
Let z = 28 - 8. Suppose c - 10 = 2*j - 2, -z = 2*c + 5*j. Suppose 3*m = 4*k + 17, c = 3*m + k + 2*k - 24. Is m a composite number?
False
Suppose z = -2*z + 1254. Suppose -5*s + z = -1057. Is s a composite number?
True
Let m(k) = -k - 7. Let y be m(-8). Is (y/(-3))/(2/(-5322)) a prime number?
True
Let n = -2 - -5. Suppose -n*j + 61 = -x, 4*j - 4*x = -2*x + 84. Let h = j + -8. Is h a composite number?
False
Suppose -4*f + 3*c = -1160, -f - c = -0*c - 297. Is f prime?
True
Suppose 3*t - 13461 = -4*r, -t + 3408 = 5*r - 1090. Suppose -4*a - 5*l = -t, -9 + 3 = -2*l. Is a composite?
False
Suppose -5*x = c + 11, -3*c = -x + 2*x - 9. Suppose